 the highest common factor of b and 3765.
15
Suppose 1201 = 7*w + 4*c, 15*w + 4*c = 14*w + 199. Calculate the highest common factor of w and 48931.
167
Let v = 6754 - 6721. Calculate the highest common divisor of 58344 and v.
33
Let a be 196/20 + -2*(-2)/(-5). Let k be (-336)/(-48) - -49*a. Calculate the greatest common divisor of k and 64.
64
Suppose -151 = -2*n - 4*p - 5, 2*n - 132 = 3*p. Let z = n - 36. Calculate the highest common factor of 176 and z.
11
Let o(p) = 8*p + 931 - 907 + 7*p**2 - p**2 - 2*p**2. Let t be o(-3). Suppose -10 = -2*a, 0*a = -2*n + 4*a - 12. What is the highest common divisor of n and t?
4
Suppose 0 = -2*d + 4*a + 244 - 44, -3*a + 255 = 3*d. Suppose 268*k = 266*k + d. Calculate the highest common divisor of k and 162.
9
Let c be 12*2/4*1. Let y(w) = 0*w - c*w - 131*w**2 + 138*w**2 - 12. Let u be y(-4). Calculate the greatest common factor of 31 and u.
31
Suppose -5*i + 6 = -f, 0 = -2*f + 3*i + 17 - 1. Let l be (1 + -5)/(4/(-32)). Let h be ((-7)/(-4))/(4/l). What is the highest common factor of f and h?
14
Suppose 13 = x - 2*g, 4*g = -5*x - g - 10. Let i be (2*21/(-28))/(x/(-4)). What is the greatest common divisor of 34 and i?
2
Suppose 0 = 3*f + 13 - 22. Suppose -2*z = -f*z, -3*z = 2*o + 8. Let p be (-2 - -1)/((0 - o)/(-144)). What is the greatest common divisor of p and 4?
4
Let h = 1056 + -1051. Suppose h*a + 0*a = v + 6898, 4*v = 8. What is the greatest common divisor of a and 15?
15
Let r(t) be the third derivative of -t**6/120 - 2*t**5/15 + 17*t**4/24 - 7*t**3/6 + 113*t**2. Let p be r(-10). What is the highest common factor of 1 and p?
1
Let g = -3334 + 4233. What is the greatest common factor of g and 310?
31
Let j = -1995 - -2106. What is the greatest common factor of j and 222?
111
Let y(w) = w - 4. Let h be y(19). Let i = h - 13. Let l = 22 + -20. Calculate the greatest common divisor of i and l.
2
Let f(j) = -j**2 + 9*j - 3. Let m(d) = -d - 4. Let i be m(-11). Let z be f(i). Let l be (-18 + -1)/((-197)/2167). What is the highest common divisor of l and z?
11
Suppose 11614*u = 11619*u - 60. What is the highest common factor of u and 1268?
4
Suppose 3*c = c + 322. Let r = -144542 - -144565. What is the highest common divisor of c and r?
23
Suppose 3*r - 358 = 2*w, -136 = r - 2*r + 4*w. Let g = r + -114. Suppose -m + 55 = g*j, -170 + 61 = -4*j - 3*m. What is the highest common divisor of j and 8?
4
Let i(z) = -3*z + 3. Let d be i(-39). Let b be (160/(-8)*-1)/(4/6). What is the highest common factor of d and b?
30
Let p = 10033 - 9592. What is the highest common factor of 833 and p?
49
Let v(n) = -10*n**3 - 5*n**2 + 17*n + 96. Let o be v(-7). What is the highest common divisor of 306 and o?
102
Let w be 395/(-35) + 11 + -45*(-10)/7. Calculate the highest common divisor of w and 16.
16
Suppose 213*w - 256*w = -97954. What is the highest common factor of w and 442?
34
Suppose -7*s - 320 = -5*s. Let a = s - -90. Let p = a - -133. What is the greatest common divisor of 21 and p?
21
Let a(r) = 59*r**2 - 13*r - 60. Let t be a(-5). Let k be 1*(-5 + t/8). Calculate the greatest common factor of 27 and k.
9
Let i be 0 + (-2)/(-14) + 55/(-385). Suppose 38*r - 44*r + 1230 = i. Calculate the highest common divisor of 41 and r.
41
Let s = 41 + -37. Let z = 388 + -380. Calculate the highest common divisor of z and s.
4
Let d = -9 + 16. Suppose -8*w = 24*w + 28*w - 840. What is the greatest common divisor of w and d?
7
Let v = -5478 - -7978. Suppose -v = 719*z - 723*z. What is the highest common factor of z and 25?
25
Let n(p) = p**3 + 18*p**2 - 18*p + 43. Let c be n(-19). Let r be 6/15 - 4/10. Suppose -4*d = -r*d - c. Calculate the highest common divisor of d and 6.
6
Let b = -117 + 156. Suppose -170 = 2*m - 2*j, -3*j = -2*m - 7*j - 140. Let v = 232 - m. What is the highest common divisor of v and b?
39
Let w(o) = 4 - 18 + 3*o**2 + 454*o + 0*o**2 - 522*o. Let m be w(23). Suppose 288 = -u + 5*u. What is the highest common factor of m and u?
9
Suppose 2*r + 3772 = 5*h, 3*r - 748 = -h + 5*r. Suppose -2*p + h = 730. Calculate the highest common divisor of 481 and p.
13
Let i = 4 + 1. Let z be 15/(-6)*8/i. Let t be 6*(z/(-3) - (0 + -1)). Calculate the greatest common divisor of t and 42.
14
Suppose -24*j + 29*j - 20 = 0, 5*j = -l + 740. Calculate the highest common factor of 135 and l.
45
Let z(y) = -622*y - 14868. Let v be z(-24). Let b = -43 - -553. What is the highest common factor of b and v?
30
Let r = -11 + 5. Let f be ((-5)/(-3))/(((-30)/r)/135). What is the greatest common divisor of 45 and f?
45
Let h = -965 - -967. Suppose h*b = -4*d + 54, 2*d - 3 - 7 = 0. What is the greatest common factor of b and 5?
1
Let n = 309 + -305. Suppose 8*m - 3*m - 169 = -n*r, 0 = -4*m + 3*r + 160. What is the greatest common factor of m and 407?
37
Suppose -2*f = 28 + 28. Let s be (14/f)/(2/(-1320)). Let w = 69 + -39. Calculate the highest common divisor of s and w.
30
Let z(f) = f**3 - 16*f**2 + 29*f - 9. Let v be z(14). Suppose i + 3*h = -30 + 117, 5*i - 445 = -v*h. What is the highest common divisor of i and 10?
10
Suppose -t = -16*t + 1065. Let h(n) = 30*n + 1. Let y be h(-2). Let a = y + t. Calculate the highest common divisor of 108 and a.
12
Let l(u) = -u**3 + 11*u**2. Let t = -36 + 47. Let q be l(t). Let p(x) = -6*x**2 + 4. Let k be p(q). Calculate the highest common divisor of 6 and k.
2
Suppose -2*v + 147 = 5*q - 246, -3*q + 399 = 2*v. Let s be 2/3 - (v/(-18) + -6). Let p be (2 - (-81)/6) + 9/s. What is the greatest common divisor of p and 24?
8
Let b(t) = -t**2 - 17*t + 12. Let o be b(-14). Suppose -3*h + 196 = -3*w - 2*w, 2*h - w - 140 = 0. Calculate the greatest common divisor of h and o.
18
Suppose -170 = -4*g + 20*w + 118, 0 = 2*g + 5*w - 174. Calculate the greatest common divisor of 11480 and g.
82
Suppose u = 5*z + 610 + 460, z + 2194 = 2*u. What is the greatest common factor of 250 and u?
50
Suppose -65*k + 74009 = -62*k + y, -y = k - 24673. What is the highest common divisor of k and 28?
28
Suppose 2*l + 3*l + 15 = s, -3*l + 3 = -3*s. Let v(y) = -37*y - 43. Let f be v(l). Let k be 84/10*10/2. What is the greatest common factor of k and f?
21
Let q be 36/(-27)*(-3)/2. Suppose -5*m = q*v - 2164, -48*m + v - 2167 = -53*m. Calculate the highest common divisor of m and 93.
31
Suppose 236 = 2*x + 5*m, -28*m = -26*m + 8. Let q = -92 + x. Calculate the highest common divisor of 27 and q.
9
Suppose h + 0*h = 0, 3*r - 4*h = -23 + 128. Calculate the highest common factor of 12215 and r.
35
Let x(h) = 4*h + 23. Let t(n) = n. Let l(p) = -5*t(p) + x(p). Let b be l(20). Suppose 0 = b*y - y - 170. Calculate the greatest common divisor of y and 17.
17
Let b be (-84)/((-5)/((-26320)/(-42))). What is the greatest common divisor of 336 and b?
112
Let w = -1 - -3. Let i = 221 - 222. Let j = 17 - i. What is the highest common factor of j and w?
2
Let n = 3 - -17. Let q be 1/(68/(-10) - -7). What is the greatest common factor of n and q?
5
Suppose 28*k - 192 = 4*k. Suppose 0 = -3*v + 12, 3*o - 3*v - 19 - k = 0. Calculate the greatest common factor of o and 637.
13
Suppose 4*d - 5*f = 1508, -8*d + 13*d + 4*f - 1967 = 0. What is the greatest common divisor of 3139 and d?
43
Let p be ((-6)/2)/(78/(-104)). Let n = -60 - -63. Suppose -n*m - p*r = 8, r = m + m - 13. Calculate the highest common factor of m and 6.
2
Suppose 0 = n - 4*l - 2, -n + 185*l = 183*l. Let g = 2 + -8. Let r be (g*8)/(-1)*n/(-6). Calculate the greatest common divisor of 16 and r.
16
Suppose -7*r + 125*r - 96 = 22*r. What is the highest common factor of r and 6180?
1
Let c(l) = 4*l**2 + 0*l**2 - 6*l + 13*l + 16. Let u be c(-8). Let a = u - 142. Calculate the highest common divisor of a and 37.
37
Suppose -2*u = -6*h + 580, -4*u = 18*h - 20*h + 180. Calculate the greatest common divisor of 119 and h.
7
Let h be 10/((10/5)/1024). Calculate the greatest common factor of 20 and h.
20
Suppose 11*d - 915 = 4*b + 8*d, -b - 220 = d. Let c be (0 - (-30)/(-25))/(6/b). Calculate the highest common factor of c and 195.
15
Suppose -2*z = -5*o - 147 - 247, 4*z = 2*o + 740. Calculate the greatest common divisor of z and 442.
26
Let o be (104/(-16) + 6)*4*106/(-4). What is the greatest common divisor of 3 and o?
1
Suppose -25*n = -28*n - 2397. Let c = n + 1471. Calculate the greatest comm